et m be b(r). Give t(m).
1
Let m(x) = x**2 - 13*x + 2. Let d be m(0). Let k(y) = -4*y**2. Give k(d).
-16
Let c(r) be the second derivative of r**5/20 + r**4/12 + r**3/6 + r**2 + 20*r - 4. Calculate c(0).
2
Let y(t) = 33 - 21*t + 22*t - 29 - 2*t**2. Let r be 4/2*3/(-2). Determine y(r).
-17
Let s(p) = -3*p**2 + 2*p + 2. Let k = -33 + 36. Suppose -5*z = -k*o - 0*z - 9, 0 = -4*o - 5*z + 23. Give s(o).
-6
Suppose 4*u = 2*y - 14, -3*u - 40*y + 7 = -45*y. Let n(f) = -f + 2. Calculate n(u).
8
Suppose 5451 = 12*r + 5475. Let c(b) = -b**2 + 9. Calculate c(r).
5
Let v(o) be the third derivative of 5*o**4/24 - 5*o**3/6 + 2*o**2 + 8*o. What is v(-5)?
-30
Let w(v) be the second derivative of -5/6*v**3 - 1/4*v**4 + 2*v + 16 + 3/2*v**2 + 1/10*v**5. Suppose -2*m + 7*m = 15. What is w(m)?
15
Let q be 44/6 + (-2)/(-3). Suppose q*u + 4 = -5*k + 4*u, -3*k - 4*u - 4 = 0. Let t(c) = -8*c**2 - 9 + 13*c**2 - 2 + c**3 - 6*c**2. What is t(k)?
-11
Suppose 1 = 3*c + 7. Let n = 28 + -24. Let p(j) = -j - 20 - n*j**2 + 20 - j**3. Calculate p(c).
-6
Let i(v) = 11*v + 18. Let y(h) = -3*h - 5. Let g(f) = -2*i(f) - 7*y(f). What is g(-3)?
2
Let r(i) = -8*i**2 + 14*i + 13. Let t(s) = s - 1. Let y(b) = -7*b**2 + 18*b + 6. Let j(u) = -5*t(u) + y(u). Let q(d) = -7*j(d) + 6*r(d). Give q(7).
1
Let p(z) = -z**3 + 3*z**2 + 5*z - 9. Let g be (-9)/(9/(-5)) + -2. Calculate p(g).
6
Let c(b) = -b**2 - 6*b - 6. Suppose 3*i = 5*a + 6*i - 30, a = -4*i + 6. Let m be 1 + (4 - a) - 3. Calculate c(m).
2
Let q(v) = -4*v**2 - 4*v - 2. Let x = -49 - -47. Give q(x).
-10
Let o(m) = 5*m**3 + 3*m**2 - 4*m + 8. Let z(f) = 4*f**3 + 2*f**2 - 4*f + 7. Let k(q) = 6*o(q) - 7*z(q). Calculate k(-3).
-31
Let w(h) = -3 + 5*h + 0 - 30*h**3 + 31*h**3 - 6*h. What is w(-2)?
-9
Let y(s) = 5 - 57*s**2 - 8*s + 50*s**2 + 17*s - s**3. Let b be y(-8). Let i(d) = -d - 7. What is i(b)?
-4
Let s = 6 + -8. Let n(i) = -7652 + 0*i + 2*i + 7651 - 3*i**2. Give n(s).
-17
Let f(m) = -12*m - 1 + m + 8*m - m. Calculate f(-5).
19
Let d(x) = -x**3 + x**2 - 14. Let q = 61 + -61. Suppose -15*w + 14*w = q. Calculate d(w).
-14
Let p be (6 - (10 - 4)) + 11. Let h(j) = j**2 - 10*j + 1. What is h(p)?
12
Let s(x) = -x**3 - 6*x**2 + 6*x + 5. Let z be s(-7). Let j(p) = -2 - z*p + 1 + 6*p - 6*p. Determine j(-1).
11
Suppose 0 = -2*i + 33 + 5. Suppose -3*n - 4*q + 7 = 0, -n - 3*q + i = 4*n. Suppose -f - 9 = n*p, -3 + 0 = -p + f. Let l(w) = 9*w**2. Calculate l(p).
9
Let m be (-2)/(-9) + 366/54. Suppose 3*o + 4 = m. Let z(t) = t**2 - 3*t - 4 + 4 + o - 5. What is z(5)?
6
Let i(h) = -2*h**2 + h + 1. Let n(r) = -3*r + 14. Let c be (10/(-4))/(30/(-72)). Let t be n(c). Let o be -2 - 0/((-8)/t). What is i(o)?
-9
Let l(h) be the second derivative of h**3/3 + 3*h**2 + 2*h - 14. Calculate l(-6).
-6
Let c(o) be the second derivative of -7*o**3/2 - 13*o**2/2 + 5*o. Let w be c(-5). Let l be w/(-15) + (-2)/(-15). Let m(p) = -p**2 - 5*p - 5. Calculate m(l).
-11
Suppose 5*i + 28 - 18 = 0, 3*r - i - 2 = 0. Let m(l) = l**3 + 1. Determine m(r).
1
Let i(y) be the second derivative of -y**4/12 + y**3/6 + y**2/2 - 116*y. Let p = -10 + 22. Suppose 4 - p = -2*j. What is i(j)?
-11
Let x(a) = -a**2 - 10*a - 5. Let d = 485 + -494. Determine x(d).
4
Suppose 0 = 21*f - 1613 + 1403. Let b(o) be the second derivative of o**3/6 - 9*o**2/2 - 2*o. What is b(f)?
1
Let c(y) be the third derivative of y**6/120 + y**5/6 + y**4/2 + 11*y**3/6 + 554*y**2. Give c(-9).
-16
Suppose 2*o = -y - 0*y, 3*y - 2*o = 0. Suppose 4*b = -y*b - 24. Let i(x) be the second derivative of -x**5/20 - 5*x**4/12 + x**3 + x**2/2 - 63*x. What is i(b)?
1
Let u be 2 + (3 - (6 + -3)). Let q(h) = -h**3 + 3*h**2 + 1. Let n be q(u). Let b(w) = 0 + 1 - w**2 + 0*w**2 + 4*w. Calculate b(n).
-4
Let d = -3 + 7. Suppose -3*a = 5*l - 8*a, 2*l = d*a. Let t(y) = -2*y + 4*y + 2 + l*y - 3*y**2. Calculate t(2).
-6
Suppose 60*l - 123 - 57 = 0. Let f(u) = 5*u + 2. What is f(l)?
17
Let i(f) = f**3 - 38*f**2 - 39*f + 9. Let q be i(39). Let c(j) = j**3 - 9*j**2 + 3*j - 8. Give c(q).
19
Let u be -79*(-10)/(-5)*1. Let m = u - -155. Let d(x) = -x**3 - 3*x**2 + x + 1. Give d(m).
-2
Let o(q) = q**2 + q - 20. Let m(n) = -n - 56. Let i be m(-49). Give o(i).
22
Let p(f) = -f**2 + 5*f + 5. Let u = -27 + 48. Suppose 0*y = -3*y + u. Give p(y).
-9
Let f(i) be the first derivative of i**5/40 - 3*i**4/8 + 7*i**3 + 13. Let w(t) be the third derivative of f(t). Calculate w(6).
9
Let t = -1471 + 1474. Let h(v) be the second derivative of -v**5/20 + v**4/4 - v**3/3 + v**2/2 + v. Determine h(t).
-5
Let l be -2 + (-95)/(-20) + (-2)/(-8). Suppose 3*i = i - l*m, 3*i - 4*m = 0. Let b(k) = k**3 + k + 9. Calculate b(i).
9
Let p(v) = -v**3 - 2*v**2 - v. Let t(r) = 3*r**3 + 2*r**2 - 2*r + 4. Let x(w) = 2*p(w) + t(w). What is x(-3)?
-29
Let r(w) = w**3 - 6*w**2 + 6*w - 6. Let x be r(5). Let q(p) = -5*p + 32. Let j(b) = -10*b + 72. Let h(z) = -4*j(z) + 9*q(z). Give h(x).
5
Let y(f) = -5*f + 9. Let t = 68 + -64. Let i(s) = 2*s - 3. Let n(r) = t*y(r) + 11*i(r). Give n(-6).
-9
Suppose p - 5*f - 11 = 4*p, f = p - 7. Suppose 5*x - p*m + 3 = 0, -2*m = -x + 2*m + 13. Let z(n) = -3*n**2 - 5*n - 2. Give z(x).
-14
Let z(c) = -c + 1 + 17 - 14. Give z(8).
-4
Let c(g) be the third derivative of 1/2*g**3 - 1/15*g**5 + 1/120*g**6 - 5/24*g**4 - 18*g**2 + 0 + 0*g. Calculate c(5).
3
Let q(a) = -16*a - 3. Let c(w) = -27*w - 8. Let j(m) = 3*c(m) - 5*q(m). Determine j(-5).
-4
Let s(f) be the third derivative of -f**5/15 - f**4/24 + 3*f**2. Suppose -5*n - 360 = 5*g, 6*g - 8 = 4*g. Let i = 75 + n. Give s(i).
-3
Let m be 3/(-4) + 120/32. Let c(x) = 3*x**m - 2*x**2 + 5 + 0*x**2 + 4 - 8. Determine c(-1).
-4
Let a(s) = 2*s**2 + 7*s - 2. Let g(r) = -r**3 + 18*r**2 + 3*r - 42. Let x be g(18). Suppose -4*h + 4*b - 8*b = x, -2*h - 18 = -4*b. Determine a(h).
13
Let j = 179 + -176. Let g(l) be the second derivative of 2/3*l**j - l + 1/12*l**4 - 1/2*l**2 + 0. Calculate g(-5).
4
Let d(u) = -27*u + 126. Let o be d(5). Let n(w) = -w**3 - 9*w**2 + w - 5. Determine n(o).
-14
Let p be (-9 - -2) + (12 - 3). Let j(a) = -a + 10. Let z be j(8). Let i(m) = -z + 0*m + 5*m - 6 + 5. What is i(p)?
7
Let o = 68 + -72. Let n(u) be the third derivative of u**6/120 + u**5/20 - u**4/6 - 2*u**3/3 - 8*u**2. What is n(o)?
-4
Let p(t) be the second derivative of -t**7/840 + t**6/90 - t**5/120 + 5*t**4/24 + 7*t**3/3 + 2*t. Let u(r) be the second derivative of p(r). Give u(4).
1
Let u(t) be the first derivative of 0*t**2 - 6 - 1/3*t**3 - 1/40*t**5 + 1/12*t**4 + 0*t. Let z(l) be the third derivative of u(l). Give z(6).
-16
Suppose 0 = -3*v + 10 + 5. Let i(b) = 1. Let m(p) = -p + 2. Let z(d) = v*i(d) - m(d). What is z(-7)?
-4
Let d(z) = 4*z**3 + z - 8. Let n(o) = o**3 - 1. Let s(h) = -d(h) + 5*n(h). Give s(0).
3
Let f(k) = 12*k**2 - 21*k + 19. Let r(c) = -19*c**2 + 32*c - 29. Let h(a) = 8*f(a) + 5*r(a). Calculate h(9).
16
Let d(b) = -b**3 + 6. Let a(j) = j**2 + 6*j + 1. Let v be a(-7). Suppose 5*k - 5 = 0, 5*z = 2*k + k - 163. Let r be (-1)/4 - v/z. What is d(r)?
6
Let j(f) = -5*f**3 + 17*f**2 - 10*f - 16. Let u be -6 - (-4 - (4 - 6)). Let p(z) = 3*z**3 - 9*z**2 + 5*z + 8. Let y(v) = u*j(v) - 7*p(v). Calculate y(-6).
14
Let a be -1 + (9/(-9) - 3). Let b(q) = 7*q + 11. Give b(a).
-24
Let g(x) = -8*x - 34. Let z be -3*(-4 - (5 - (-96)/(-9))). Give g(z).
6
Let r(h) = -6*h**2 + 5*h - 3. Let j(s) = -17*s**2 + 13*s - 8. Let m(z) = 3*j(z) - 8*r(z). Determine m(2).
-14
Suppose 2*z = 5*p - 3, -4*p + 4 + 0 = -2*z. Let c = 3 + 4. Let j = p + c. Let n(t) = t**3 - 6*t**2 + t - 1. Give n(j).
5
Let r(n) be the second derivative of 0*n**4 + 0 - 1/3*n**3 - 3*n**2 - 3*n + 1/120*n**6 + 1/20*n**5. Let a(q) be the first derivative of r(q). Determine a(-2).
2
Let i(y) = -4*y**2 + 2*y + 15. Let z(f) = 11*f**2 - 6*f - 48. Let a(j) = -8*i(j) - 3*z(j). Give a(6).
0
Let h(y) be the first derivative of y**6/120 + y**5/15 + y**4/8 + y**3/6 + 3*y**2 - 8. Let l(k) be the second derivative of h(k). Give l(-2).
3
Let m(g) = g**2 + 2*g - 13. Let o be m(-5). Let f(n) = -4*n**o - 8 + 5 - 4*n + 0*n**2 - n**3. What is f(-2)?
-3
Let z = -77 - -92. Let i(w) = -11*w - 2*w + 2 + z*w. What is i(7)?
16
Let r(h) = -20*h**3 + 5*h**2 + 20*h - 9. Let k(y) = -13*y**3 + 3*y**2 + 13*y - 6. Let z(u) = 8*k(u) - 5*r(u). Give z(2).
-31
Let p(b) be the third derivative of b**5/6